{"id":221,"date":"2022-05-09T13:39:27","date_gmt":"2022-05-09T11:39:27","guid":{"rendered":"https:\/\/www.borg-gastein.salzburg.at\/plo\/?page_id=221"},"modified":"2022-05-10T10:18:41","modified_gmt":"2022-05-10T08:18:41","slug":"schulprofil-2","status":"publish","type":"page","link":"https:\/\/www.borg-gastein.salzburg.at\/plo\/schulprofil-2\/","title":{"rendered":"Schulprofil"},"content":{"rendered":"\n<blockquote class=\"wp-block-quote is-layout-flow wp-block-quote-is-layout-flow\"><p>Hochschulreife\u2013 Pers\u00f6nlichkeitsbildung Das BORG Bad Hofgastein ist eine allgemeinbildende h\u00f6here Schule, die sich den Bildungszielen der AHS verpflichtet f\u00fchlt. Die Sch\u00fclerinnen und Sch\u00fcler sollen weltoffene, tolerante und an den europ\u00e4ischen Werten orientierte Menschen werden. Neben der Hinf\u00fchrung zur Hochschulreife sollen individuelle Talente entfaltet und pers\u00f6nliche Interessen der Sch\u00fclerinnen und Sch\u00fcler gef\u00f6rdert werden.<\/p><\/blockquote>\n\n\n\n<p><strong>Die Umsetzung dieser Ziele wird unterst\u00fctzt durch fremdsprachliche Kompetenz und koordinierte, auch f\u00e4cher\u00fcbergreifende Aktivit\u00e4ten, wie etwa<\/strong><br><br>&nbsp;&nbsp;&nbsp; den Einsatz der jeweils bestgeeigneten Unterrichts- und Lernformen<br>&nbsp;&nbsp;&nbsp; die Nutzung neuester Informations- und Kommunikationstechnik in allen F\u00e4chern<br>&nbsp;&nbsp;&nbsp; die Einbeziehung au\u00dferschulischer Experten<br>&nbsp;&nbsp;&nbsp; die Durchf\u00fchrung nationaler und internationaler Projekt- und Austauschprogramme<br>&nbsp;&nbsp;&nbsp; sowie durch die Umsetzung des Schwerpunktes<br><br><strong>Musisch Kreativ<\/strong><br><br>&nbsp;&nbsp;&nbsp; Erkennen der Kunst als wesentlicher Bestandteil des Lebens<br>&nbsp;&nbsp;&nbsp; Vertiefte Kenntnisse der Kunst- , Kultur- und Musikgeschichte<br>&nbsp;&nbsp;&nbsp; Bereitschaft zur Entwicklung der eigenen F\u00e4higkeiten<br>&nbsp;&nbsp;&nbsp; Praktische Anwendung der k\u00fcnstlerischen F\u00e4higkeiten auch unter dem Aspekt der kritischen Auseinandersetzung<br>&nbsp;&nbsp;&nbsp; Kreatives Denken und Handeln in allen Lebensbereichen<br>&nbsp;&nbsp;&nbsp; Verst\u00e4ndnis f\u00fcr k\u00fcnstlerische Ausdrucksformen bei bewusst kritischer Hinterfragung<br>&nbsp;&nbsp;&nbsp; Verantwortungsbewusstes Anwenden der erworbenen multi-medialen Kenntnisse<br>&nbsp;&nbsp;&nbsp; Bereitschaft zu \u00fcbergreifenden Projekten und Teamwork<br>&nbsp;&nbsp;&nbsp; Aufgeschlossenheit und Lebensfreude<br><br><strong>Allgemeinbildung \u2013 Reifepr\u00fcfung (Matura)<\/strong><br><br>Die Vermittlung der Allgemeinbildung, sprachlicher Kompetenzen sowie das Erreichen einer vollwertigen Reifepr\u00fcfung ist auch innerhalb der Schwerpunktschule absolut garantiert. Die Reifepr\u00fcfung er\u00f6ffnet den Zugang zu allen weiteren beruflichen Ausbildungsm\u00f6glichkeiten an Kollegs, Akademien, Fachhochschulen und Universit\u00e4ten und unterst\u00fctzt ebenso den direkten Umstieg ins Berufsleben.<br>Aufnahmeverfahren:<\/p>\n\n\n\n<blockquote class=\"wp-block-quote is-layout-flow wp-block-quote-is-layout-flow\"><p><strong>1. Aufnahmepr\u00fcfung<\/strong><br>Eine Aufnahmepr\u00fcfung ist f\u00fcr die Schularbeitsf\u00e4cher Deutsch, Englisch oder Mathematik n\u00f6tig, wenn die Benotung in der 2. Leistungsgruppe schlechter als &#8222;Gut&#8220; ist ( ausschlaggebend daf\u00fcr ist die Benotung im Rahmen der Jahresschlusskonferenz) \u2013 ausgenommen, die Klassenkonferenz der Hauptschule entscheidet, dass die Sch\u00fclerin\/ der Sch\u00fcler trotz &#8222;Befriedigend&#8220; in der 2. Leistungsgruppe geeignet ist, dann entf\u00e4llt auch die Aufnahmepr\u00fcfung \u2013 in der 3. Leistungsgruppe generell \u2013 bei positiver Beurteilung in der 1. Leistungsgruppe keine Pr\u00fcfung! Bei einem positiven Abschluss einer Gymnasium \u2013 Unterstufe: keine Aufnahmepr\u00fcfung.<\/p><\/blockquote>\n\n\n\n<blockquote class=\"wp-block-quote is-layout-flow wp-block-quote-is-layout-flow\"><p><strong>2. Eignungstest<\/strong><br>Eignungstests sind jedoch f\u00fcr ZUSATZANGEBOTE vorgesehen, wie: MultiMediaArt \u2013 Wahlpflichtgegenstand ab der 6. Klasse, sowie Vocal \u2013 und Tanz \u2013 Unterricht ab 5.Klasse<\/p><\/blockquote>\n","protected":false},"excerpt":{"rendered":"<p>Hochschulreife\u2013 Pers\u00f6nlichkeitsbildung Das BORG Bad Hofgastein ist eine allgemeinbildende h\u00f6here Schule, die sich den Bildungszielen<\/p>\n","protected":false},"author":1,"featured_media":0,"parent":0,"menu_order":0,"comment_status":"closed","ping_status":"closed","template":"","meta":{"footnotes":""},"class_list":["post-221","page","type-page","status-publish","hentry"],"_links":{"self":[{"href":"https:\/\/www.borg-gastein.salzburg.at\/plo\/wp-json\/wp\/v2\/pages\/221","targetHints":{"allow":["GET"]}}],"collection":[{"href":"https:\/\/www.borg-gastein.salzburg.at\/plo\/wp-json\/wp\/v2\/pages"}],"about":[{"href":"https:\/\/www.borg-gastein.salzburg.at\/plo\/wp-json\/wp\/v2\/types\/page"}],"author":[{"embeddable":true,"href":"https:\/\/www.borg-gastein.salzburg.at\/plo\/wp-json\/wp\/v2\/users\/1"}],"replies":[{"embeddable":true,"href":"https:\/\/www.borg-gastein.salzburg.at\/plo\/wp-json\/wp\/v2\/comments?post=221"}],"version-history":[{"count":2,"href":"https:\/\/www.borg-gastein.salzburg.at\/plo\/wp-json\/wp\/v2\/pages\/221\/revisions"}],"predecessor-version":[{"id":367,"href":"https:\/\/www.borg-gastein.salzburg.at\/plo\/wp-json\/wp\/v2\/pages\/221\/revisions\/367"}],"wp:attachment":[{"href":"https:\/\/www.borg-gastein.salzburg.at\/plo\/wp-json\/wp\/v2\/media?parent=221"}],"curies":[{"name":"wp","href":"https:\/\/api.w.org\/{rel}","templated":true}]}}