{"id":229,"date":"2022-05-09T13:42:33","date_gmt":"2022-05-09T11:42:33","guid":{"rendered":"https:\/\/www.borg-gastein.salzburg.at\/plo\/?page_id=229"},"modified":"2022-09-19T14:07:01","modified_gmt":"2022-09-19T12:07:01","slug":"nawi","status":"publish","type":"page","link":"https:\/\/www.borg-gastein.salzburg.at\/plo\/nawi\/","title":{"rendered":"Nawi +"},"content":{"rendered":"\n<figure class=\"wp-block-image size-large is-resized\"><img loading=\"lazy\" decoding=\"async\" src=\"https:\/\/www.borg-gastein.salzburg.at\/plo\/wp-content\/uploads\/2022\/05\/5-Forensische-Medizinerinnen-1024x768.jpg\" alt=\"\" class=\"wp-image-545\" width=\"555\" height=\"416\" srcset=\"https:\/\/www.borg-gastein.salzburg.at\/plo\/wp-content\/uploads\/2022\/05\/5-Forensische-Medizinerinnen-1024x768.jpg 1024w, https:\/\/www.borg-gastein.salzburg.at\/plo\/wp-content\/uploads\/2022\/05\/5-Forensische-Medizinerinnen-300x225.jpg 300w, https:\/\/www.borg-gastein.salzburg.at\/plo\/wp-content\/uploads\/2022\/05\/5-Forensische-Medizinerinnen-768x576.jpg 768w, https:\/\/www.borg-gastein.salzburg.at\/plo\/wp-content\/uploads\/2022\/05\/5-Forensische-Medizinerinnen-1536x1152.jpg 1536w, https:\/\/www.borg-gastein.salzburg.at\/plo\/wp-content\/uploads\/2022\/05\/5-Forensische-Medizinerinnen-2048x1536.jpg 2048w, https:\/\/www.borg-gastein.salzburg.at\/plo\/wp-content\/uploads\/2022\/05\/5-Forensische-Medizinerinnen-720x540.jpg 720w\" sizes=\"auto, (max-width: 555px) 100vw, 555px\" \/><\/figure>\n\n\n\n<p><strong>NAWI<\/strong><sup><strong>+<\/strong><\/sup><\/p>\n\n\n\n<p><em><strong>Die uns umgebende Welt und ihre Wunder erkl\u00e4rbar machen \u2013 das ist Naturwissenschaft<\/strong><\/em><\/p>\n\n\n\n<p>Der Unterricht im Wahlpflichtfach \u201eNAWI +\u201c soll eine Erweiterung zu den naturwissenschaftlichen F\u00e4chern des Regelunterrichts anbieten.<\/p>\n\n\n\n<p>Ausgew\u00e4hlte naturwissenschaftliche vertiefende Themen sollen f\u00e4cher\u00fcbergreifend und im Team (Kollegen aus dem Bereich <strong>Biologie, Physik, Chemie, Geographie<\/strong> und ein bisschen <strong>Mathematik<\/strong>) m\u00f6glichst \u201ekomplett\u201c, behandelt werden. Vernetztes Denken soll so gef\u00f6rdert werden. Es soll auch der Versuch sein, aus strengen \u201eF\u00e4chern\u201c auszubrechen, die uns umgebende Welt l\u00e4sst sich schlie\u00dflich nicht alleine mit nur einem Unterrichtsfach beschreiben.<\/p>\n\n\n\n<p>Die Sch\u00fclerInnen sollen die M\u00f6glichkeit erhalten zu experimentieren, Zusammenh\u00e4nge und Probleme zu entdecken, kritisch zu denken, Naturwissenschaft praktisch zu erleben, Vermutungen anzustellen. Dar\u00fcber hinaus sollen sie einen Einblick in die Wissenschaft bekommen: Wie arbeitet die Wissenschaft?<\/p>\n\n\n\n<p>Inhalte wie <strong>Laborarbeit, Forensik, Astronomie, Pseudowissenschaft und Verschw\u00f6rungstheorien, medizinische Themen, Klimawandel, Gletscherkunde und vieles mehr<\/strong> werden in NAWI+ behandelt.<\/p>\n\n\n\n<p><strong>Exkursionen, Projekte und Experimente<\/strong> sind ebenfalls fixer Bestandteil und sorgen f\u00fcr Abwechslung.<\/p>\n\n\n\n<p>Nat\u00fcrlich ist das Fach <strong>maturabel<\/strong>, das hei\u00dft man kann, muss aber nat\u00fcrlich nicht m\u00fcndlich in diesem Fach maturieren.<\/p>\n\n\n\n<p><strong>Aber das Fach will vor allem eines:<\/strong><\/p>\n\n\n\n<p>Interesse und Freude an der Naturwissenschaft in einem nicht leistungsorientierten Rahmen wecken.<\/p>\n\n\n\n<figure class=\"wp-block-gallery has-nested-images columns-default is-cropped wp-block-gallery-1 is-layout-flex wp-block-gallery-is-layout-flex\">\n<figure class=\"wp-block-image size-large\"><img loading=\"lazy\" decoding=\"async\" width=\"768\" height=\"1024\" data-id=\"952\" src=\"https:\/\/www.borg-gastein.salzburg.at\/plo\/wp-content\/uploads\/2022\/09\/MicrosoftTeams-image-12-768x1024.jpg\" alt=\"\" class=\"wp-image-952\" srcset=\"https:\/\/www.borg-gastein.salzburg.at\/plo\/wp-content\/uploads\/2022\/09\/MicrosoftTeams-image-12-768x1024.jpg 768w, https:\/\/www.borg-gastein.salzburg.at\/plo\/wp-content\/uploads\/2022\/09\/MicrosoftTeams-image-12-225x300.jpg 225w, https:\/\/www.borg-gastein.salzburg.at\/plo\/wp-content\/uploads\/2022\/09\/MicrosoftTeams-image-12-1152x1536.jpg 1152w, https:\/\/www.borg-gastein.salzburg.at\/plo\/wp-content\/uploads\/2022\/09\/MicrosoftTeams-image-12-1536x2048.jpg 1536w, https:\/\/www.borg-gastein.salzburg.at\/plo\/wp-content\/uploads\/2022\/09\/MicrosoftTeams-image-12-450x600.jpg 450w, https:\/\/www.borg-gastein.salzburg.at\/plo\/wp-content\/uploads\/2022\/09\/MicrosoftTeams-image-12-scaled.jpg 1920w\" sizes=\"auto, (max-width: 768px) 100vw, 768px\" \/><\/figure>\n\n\n\n<figure class=\"wp-block-image size-large\"><img loading=\"lazy\" decoding=\"async\" width=\"768\" height=\"1024\" data-id=\"951\" src=\"https:\/\/www.borg-gastein.salzburg.at\/plo\/wp-content\/uploads\/2022\/09\/MicrosoftTeams-image-10-768x1024.jpg\" alt=\"\" class=\"wp-image-951\" srcset=\"https:\/\/www.borg-gastein.salzburg.at\/plo\/wp-content\/uploads\/2022\/09\/MicrosoftTeams-image-10-768x1024.jpg 768w, https:\/\/www.borg-gastein.salzburg.at\/plo\/wp-content\/uploads\/2022\/09\/MicrosoftTeams-image-10-225x300.jpg 225w, https:\/\/www.borg-gastein.salzburg.at\/plo\/wp-content\/uploads\/2022\/09\/MicrosoftTeams-image-10-1152x1536.jpg 1152w, https:\/\/www.borg-gastein.salzburg.at\/plo\/wp-content\/uploads\/2022\/09\/MicrosoftTeams-image-10-450x600.jpg 450w, https:\/\/www.borg-gastein.salzburg.at\/plo\/wp-content\/uploads\/2022\/09\/MicrosoftTeams-image-10.jpg 1200w\" sizes=\"auto, (max-width: 768px) 100vw, 768px\" \/><\/figure>\n\n\n\n<figure class=\"wp-block-image size-large\"><img loading=\"lazy\" decoding=\"async\" width=\"768\" height=\"1024\" data-id=\"955\" src=\"https:\/\/www.borg-gastein.salzburg.at\/plo\/wp-content\/uploads\/2022\/09\/MicrosoftTeams-image-9-768x1024.jpg\" alt=\"\" class=\"wp-image-955\" srcset=\"https:\/\/www.borg-gastein.salzburg.at\/plo\/wp-content\/uploads\/2022\/09\/MicrosoftTeams-image-9-768x1024.jpg 768w, https:\/\/www.borg-gastein.salzburg.at\/plo\/wp-content\/uploads\/2022\/09\/MicrosoftTeams-image-9-225x300.jpg 225w, https:\/\/www.borg-gastein.salzburg.at\/plo\/wp-content\/uploads\/2022\/09\/MicrosoftTeams-image-9-1152x1536.jpg 1152w, https:\/\/www.borg-gastein.salzburg.at\/plo\/wp-content\/uploads\/2022\/09\/MicrosoftTeams-image-9-1536x2048.jpg 1536w, https:\/\/www.borg-gastein.salzburg.at\/plo\/wp-content\/uploads\/2022\/09\/MicrosoftTeams-image-9-450x600.jpg 450w, https:\/\/www.borg-gastein.salzburg.at\/plo\/wp-content\/uploads\/2022\/09\/MicrosoftTeams-image-9-scaled.jpg 1920w\" sizes=\"auto, (max-width: 768px) 100vw, 768px\" \/><\/figure>\n\n\n\n<figure class=\"wp-block-image size-large\"><img loading=\"lazy\" decoding=\"async\" width=\"768\" height=\"1024\" data-id=\"953\" src=\"https:\/\/www.borg-gastein.salzburg.at\/plo\/wp-content\/uploads\/2022\/09\/MicrosoftTeams-image-8-768x1024.jpg\" alt=\"\" class=\"wp-image-953\" srcset=\"https:\/\/www.borg-gastein.salzburg.at\/plo\/wp-content\/uploads\/2022\/09\/MicrosoftTeams-image-8-768x1024.jpg 768w, https:\/\/www.borg-gastein.salzburg.at\/plo\/wp-content\/uploads\/2022\/09\/MicrosoftTeams-image-8-225x300.jpg 225w, https:\/\/www.borg-gastein.salzburg.at\/plo\/wp-content\/uploads\/2022\/09\/MicrosoftTeams-image-8-1152x1536.jpg 1152w, https:\/\/www.borg-gastein.salzburg.at\/plo\/wp-content\/uploads\/2022\/09\/MicrosoftTeams-image-8-1536x2048.jpg 1536w, https:\/\/www.borg-gastein.salzburg.at\/plo\/wp-content\/uploads\/2022\/09\/MicrosoftTeams-image-8-450x600.jpg 450w, https:\/\/www.borg-gastein.salzburg.at\/plo\/wp-content\/uploads\/2022\/09\/MicrosoftTeams-image-8-scaled.jpg 1920w\" sizes=\"auto, (max-width: 768px) 100vw, 768px\" \/><\/figure>\n\n\n\n<figure class=\"wp-block-image size-large\"><img loading=\"lazy\" decoding=\"async\" width=\"768\" height=\"1024\" data-id=\"954\" src=\"https:\/\/www.borg-gastein.salzburg.at\/plo\/wp-content\/uploads\/2022\/09\/MicrosoftTeams-image-7-768x1024.jpg\" alt=\"\" class=\"wp-image-954\" srcset=\"https:\/\/www.borg-gastein.salzburg.at\/plo\/wp-content\/uploads\/2022\/09\/MicrosoftTeams-image-7-768x1024.jpg 768w, https:\/\/www.borg-gastein.salzburg.at\/plo\/wp-content\/uploads\/2022\/09\/MicrosoftTeams-image-7-225x300.jpg 225w, https:\/\/www.borg-gastein.salzburg.at\/plo\/wp-content\/uploads\/2022\/09\/MicrosoftTeams-image-7-1152x1536.jpg 1152w, https:\/\/www.borg-gastein.salzburg.at\/plo\/wp-content\/uploads\/2022\/09\/MicrosoftTeams-image-7-1536x2048.jpg 1536w, https:\/\/www.borg-gastein.salzburg.at\/plo\/wp-content\/uploads\/2022\/09\/MicrosoftTeams-image-7-450x600.jpg 450w, https:\/\/www.borg-gastein.salzburg.at\/plo\/wp-content\/uploads\/2022\/09\/MicrosoftTeams-image-7-scaled.jpg 1920w\" sizes=\"auto, (max-width: 768px) 100vw, 768px\" \/><figcaption>cof<\/figcaption><\/figure>\n<\/figure>\n","protected":false},"excerpt":{"rendered":"<p>NAWI+ Die uns umgebende Welt und ihre Wunder erkl\u00e4rbar machen \u2013 das ist Naturwissenschaft Der<\/p>\n","protected":false},"author":1,"featured_media":0,"parent":0,"menu_order":0,"comment_status":"closed","ping_status":"closed","template":"","meta":{"footnotes":""},"class_list":["post-229","page","type-page","status-publish","hentry"],"_links":{"self":[{"href":"https:\/\/www.borg-gastein.salzburg.at\/plo\/wp-json\/wp\/v2\/pages\/229","targetHints":{"allow":["GET"]}}],"collection":[{"href":"https:\/\/www.borg-gastein.salzburg.at\/plo\/wp-json\/wp\/v2\/pages"}],"about":[{"href":"https:\/\/www.borg-gastein.salzburg.at\/plo\/wp-json\/wp\/v2\/types\/page"}],"author":[{"embeddable":true,"href":"https:\/\/www.borg-gastein.salzburg.at\/plo\/wp-json\/wp\/v2\/users\/1"}],"replies":[{"embeddable":true,"href":"https:\/\/www.borg-gastein.salzburg.at\/plo\/wp-json\/wp\/v2\/comments?post=229"}],"version-history":[{"count":10,"href":"https:\/\/www.borg-gastein.salzburg.at\/plo\/wp-json\/wp\/v2\/pages\/229\/revisions"}],"predecessor-version":[{"id":958,"href":"https:\/\/www.borg-gastein.salzburg.at\/plo\/wp-json\/wp\/v2\/pages\/229\/revisions\/958"}],"wp:attachment":[{"href":"https:\/\/www.borg-gastein.salzburg.at\/plo\/wp-json\/wp\/v2\/media?parent=229"}],"curies":[{"name":"wp","href":"https:\/\/api.w.org\/{rel}","templated":true}]}}