{"id":297,"date":"2022-05-10T08:24:58","date_gmt":"2022-05-10T06:24:58","guid":{"rendered":"https:\/\/www.borg-gastein.salzburg.at\/plo\/?page_id=297"},"modified":"2025-04-29T10:11:33","modified_gmt":"2025-04-29T08:11:33","slug":"formulare","status":"publish","type":"page","link":"https:\/\/www.borg-gastein.salzburg.at\/plo\/formulare\/","title":{"rendered":"Formulare"},"content":{"rendered":"\n<div class=\"wp-block-file\"><a id=\"wp-block-file--media-66a1905d-c784-45a4-be0d-f5a23a06aa81\" href=\"https:\/\/www.borg-gastein.salzburg.at\/plo\/wp-content\/uploads\/2024\/10\/Info-Neuaufnahme-5.-Klasse-25-26-1.docx\">Info-Neuaufnahme-5.-Klasse-25-26<\/a><a href=\"https:\/\/www.borg-gastein.salzburg.at\/plo\/wp-content\/uploads\/2024\/10\/Info-Neuaufnahme-5.-Klasse-25-26-1.docx\" class=\"wp-block-file__button wp-element-button\" download aria-describedby=\"wp-block-file--media-66a1905d-c784-45a4-be0d-f5a23a06aa81\">Herunterladen<\/a><\/div>\n\n\n\n<div class=\"wp-block-file\"><a id=\"wp-block-file--media-3b465a7d-517d-4c20-a1ed-2c13be5d1c95\" href=\"https:\/\/www.borg-gastein.salzburg.at\/plo\/wp-content\/uploads\/2023\/10\/Anmeldung-Schuelerwohnheim.docx\">Anmeldung-Schuelerwohnheim<\/a><a href=\"https:\/\/www.borg-gastein.salzburg.at\/plo\/wp-content\/uploads\/2023\/10\/Anmeldung-Schuelerwohnheim.docx\" class=\"wp-block-file__button wp-element-button\" download aria-describedby=\"wp-block-file--media-3b465a7d-517d-4c20-a1ed-2c13be5d1c95\">Herunterladen<\/a><\/div>\n\n\n\n<div class=\"wp-block-file\"><a id=\"wp-block-file--media-cf596c1a-f484-475a-b0f1-f379e548a9c5\" href=\"https:\/\/www.borg-gastein.salzburg.at\/plo\/wp-content\/uploads\/2024\/10\/Formular-Anmeldung-NEU_25-26.doc\">Formular-Anmeldung-25-26<\/a><a href=\"https:\/\/www.borg-gastein.salzburg.at\/plo\/wp-content\/uploads\/2024\/10\/Formular-Anmeldung-NEU_25-26.doc\" class=\"wp-block-file__button wp-element-button\" download aria-describedby=\"wp-block-file--media-cf596c1a-f484-475a-b0f1-f379e548a9c5\">Herunterladen<\/a><\/div>\n\n\n\n<div class=\"wp-block-file\"><a id=\"wp-block-file--media-06e02fd8-e902-4441-8d06-2ec8fff6f81c\" href=\"https:\/\/www.borg-gastein.salzburg.at\/plo\/wp-content\/uploads\/2024\/10\/Wohnheim-Maxl_Schuelerinfo-25-26-2.pdf\">Wohnheim-Maxl_Schuelerinfo-25-26<\/a><a href=\"https:\/\/www.borg-gastein.salzburg.at\/plo\/wp-content\/uploads\/2024\/10\/Wohnheim-Maxl_Schuelerinfo-25-26-2.pdf\" class=\"wp-block-file__button wp-element-button\" download aria-describedby=\"wp-block-file--media-06e02fd8-e902-4441-8d06-2ec8fff6f81c\">Herunterladen<\/a><\/div>\n\n\n\n<div class=\"wp-block-file\"><a id=\"wp-block-file--media-a91297d6-aeed-4e68-80b6-0fcb4569fc52\" href=\"https:\/\/www.borg-gastein.salzburg.at\/plo\/wp-content\/uploads\/2024\/06\/Eignungsberatung_Tanz_2020.pdf\">Eignungsberatung Tanz<\/a><\/div>\n\n\n\n<div class=\"wp-block-file\"><a id=\"wp-block-file--media-d4480b56-73fe-45da-a65c-694d2245475e\" href=\"https:\/\/www.borg-gastein.salzburg.at\/plo\/wp-content\/uploads\/2024\/06\/Eignungsberatung_Vocal_2018.pdf\">Eignungsberatung_Vocal<\/a><\/div>\n\n\n\n<p><a href=\"https:\/\/www.borg-gastein.salzburg.at\/plo\/formulare01\/Ansuchen_Freistellung_1_Tag.pdf\">Ansuchen f\u00fcr Freistellung f\u00fcr einen Tag<\/a><a href=\"https:\/\/www.borg-gastein.salzburg.at\/images\/formulare\/Ansuchen_Freistellung_mehr_als_1_Tag.pdf\"><\/a><\/p>\n\n\n\n<div class=\"wp-block-file\"><a id=\"wp-block-file--media-3abae89c-2a82-421c-9a9e-60a962e03ce2\" href=\"https:\/\/www.borg-gastein.salzburg.at\/plo\/wp-content\/uploads\/2022\/11\/Ansuchen_Freistellung_mehr_als_1_Tag.pdf\">Ansuchen_Freistellung_mehr_als_1_Tag<\/a><\/div>\n\n\n\n<p><a href=\"https:\/\/www.borg-gastein.salzburg.at\/plo\/formulare01\/Kompensationspruefung_Antrag.pdf\">Anmeldung Kompensationspr\u00fcfung<\/a><\/p>\n\n\n\n<p><a href=\"https:\/\/www.borg-gastein.salzburg.at\/plo\/formulare01\/Anmeldeformular_RP_20-21_mdl_freiwillig.pdf\" target=\"_blank\" rel=\"noreferrer noopener\">Anmeldung M\u00fcndliche Reifepr\u00fcfung<\/a><\/p>\n\n\n\n<p><a href=\"https:\/\/www.borg-gastein.salzburg.at\/plo\/formulare01\/Anmeldung_Ergaenzungsunterricht_RP_2020_21.pdf\">Anmeldung Erg\u00e4nzungsunterricht<\/a><\/p>\n\n\n\n<div class=\"wp-block-file\"><a id=\"wp-block-file--media-4bf9d352-d141-4b6c-accd-8e5812f21481\" href=\"https:\/\/www.borg-gastein.salzburg.at\/plo\/wp-content\/uploads\/2022\/11\/Anmeldeformular-RP-22_23.pdf\">Anmeldeformular Reifepr\u00fcfung Allgemein<\/a><a href=\"https:\/\/www.borg-gastein.salzburg.at\/plo\/wp-content\/uploads\/2022\/11\/Anmeldeformular-RP-22_23.pdf\" class=\"wp-block-file__button wp-element-button\" download aria-describedby=\"wp-block-file--media-4bf9d352-d141-4b6c-accd-8e5812f21481\">Herunterladen<\/a><\/div>\n\n\n\n<div class=\"wp-block-file\"><a id=\"wp-block-file--media-a481633b-5b0d-4e9d-b1d0-da02910c7011\" href=\"https:\/\/www.borg-gastein.salzburg.at\/plo\/wp-content\/uploads\/2022\/11\/Anmeldung-Nebentermin-Matura.pdf\">Anmeldung Reifepr\u00fcfung Nebentermin<\/a><a href=\"https:\/\/www.borg-gastein.salzburg.at\/plo\/wp-content\/uploads\/2022\/11\/Anmeldung-Nebentermin-Matura.pdf\" class=\"wp-block-file__button wp-element-button\" download aria-describedby=\"wp-block-file--media-a481633b-5b0d-4e9d-b1d0-da02910c7011\">Herunterladen<\/a><\/div>\n","protected":false},"excerpt":{"rendered":"<p>Ansuchen f\u00fcr Freistellung f\u00fcr einen Tag Anmeldung Kompensationspr\u00fcfung Anmeldung M\u00fcndliche Reifepr\u00fcfung Anmeldung Erg\u00e4nzungsunterricht<\/p>\n","protected":false},"author":1,"featured_media":0,"parent":0,"menu_order":0,"comment_status":"closed","ping_status":"closed","template":"","meta":{"footnotes":""},"class_list":["post-297","page","type-page","status-publish","hentry"],"_links":{"self":[{"href":"https:\/\/www.borg-gastein.salzburg.at\/plo\/wp-json\/wp\/v2\/pages\/297","targetHints":{"allow":["GET"]}}],"collection":[{"href":"https:\/\/www.borg-gastein.salzburg.at\/plo\/wp-json\/wp\/v2\/pages"}],"about":[{"href":"https:\/\/www.borg-gastein.salzburg.at\/plo\/wp-json\/wp\/v2\/types\/page"}],"author":[{"embeddable":true,"href":"https:\/\/www.borg-gastein.salzburg.at\/plo\/wp-json\/wp\/v2\/users\/1"}],"replies":[{"embeddable":true,"href":"https:\/\/www.borg-gastein.salzburg.at\/plo\/wp-json\/wp\/v2\/comments?post=297"}],"version-history":[{"count":26,"href":"https:\/\/www.borg-gastein.salzburg.at\/plo\/wp-json\/wp\/v2\/pages\/297\/revisions"}],"predecessor-version":[{"id":1843,"href":"https:\/\/www.borg-gastein.salzburg.at\/plo\/wp-json\/wp\/v2\/pages\/297\/revisions\/1843"}],"wp:attachment":[{"href":"https:\/\/www.borg-gastein.salzburg.at\/plo\/wp-json\/wp\/v2\/media?parent=297"}],"curies":[{"name":"wp","href":"https:\/\/api.w.org\/{rel}","templated":true}]}}