{"id":480,"date":"2022-05-10T11:28:06","date_gmt":"2022-05-10T09:28:06","guid":{"rendered":"https:\/\/www.borg-gastein.salzburg.at\/plo\/?page_id=480"},"modified":"2022-07-07T13:19:01","modified_gmt":"2022-07-07T11:19:01","slug":"englisch","status":"publish","type":"page","link":"https:\/\/www.borg-gastein.salzburg.at\/plo\/englisch\/","title":{"rendered":"Englisch"},"content":{"rendered":"\n<figure class=\"wp-block-image size-full is-resized\"><img loading=\"lazy\" decoding=\"async\" src=\"https:\/\/www.borg-gastein.salzburg.at\/plo\/wp-content\/uploads\/2022\/05\/grossbritannien-fahne-kaufen-1-1024x650-1.jpg\" alt=\"\" class=\"wp-image-478\" width=\"201\" height=\"128\" srcset=\"https:\/\/www.borg-gastein.salzburg.at\/plo\/wp-content\/uploads\/2022\/05\/grossbritannien-fahne-kaufen-1-1024x650-1.jpg 1024w, https:\/\/www.borg-gastein.salzburg.at\/plo\/wp-content\/uploads\/2022\/05\/grossbritannien-fahne-kaufen-1-1024x650-1-300x190.jpg 300w, https:\/\/www.borg-gastein.salzburg.at\/plo\/wp-content\/uploads\/2022\/05\/grossbritannien-fahne-kaufen-1-1024x650-1-768x488.jpg 768w\" sizes=\"auto, (max-width: 201px) 100vw, 201px\" \/><\/figure>\n\n\n\n<h1 class=\"wp-block-heading\">Mag. Winkler Hubert (Englisch)<\/h1>\n\n\n\n<p>Als global language ist die englische Sprache heute schon weltweites Kommunikationsmedium und eine \u00c4nderung dieses Trends ist momentan nicht abzusehen. Englische Sprachkompetenz stellt daher eine Schl\u00fcsselqualifikation in der Arbeitswelt des 21. Jahrhunderts dar. Gerade deswegen geh\u00f6rt der Englisch-unterricht zum verbindlichen F\u00e4cherkanon an \u00f6sterreichischen Schulen. Englischunterricht in meinen Klassen, das hei\u00dft Schwerpunktsetzung in Bezug auf Sprachkompetenz, sowohl rezeptiv (Lese- und H\u00f6rverst\u00e4ndnis) als auch produktiv (m\u00fcndlich und schriftlich).<br><br>So erlernen die Sch\u00fclerInnen sich der englischen Sprache zu bedienen, um Informationen zu erhalten, weiterzugeben und auszutauschen. Vielf\u00e4ltige Themenbereiche des t\u00e4glichen Lebens, aber auch soziale, kulturelle Problemstellungen dienen als Hintergrund f\u00fcr einen zwanglosen aber auch allgemeinbildenden Austausch von Sichtweisen und Meinungen. Englische und amerikanische Literatur- sowie Kulturkunde runden das Bildungsangebot ab. Gruppen- und Partnerarbeit, Diskussionen zu aktuellen Themen und oft spielerischer Aufbau von Wortschatz und Grammatik wechseln einander ab. Auf diese Weise greifen soziales Lernen und Fremdsprachenerwerb ineinander und schaffen so die Basis f\u00fcr eine Sprachkompetenz, die den Sch\u00fclerInnen in Zukunft von gro\u00dfem Nutzen sein wird.<\/p>\n","protected":false},"excerpt":{"rendered":"<p>Mag. Winkler Hubert (Englisch) Als global language ist die englische Sprache heute schon weltweites Kommunikationsmedium<\/p>\n","protected":false},"author":1,"featured_media":0,"parent":0,"menu_order":0,"comment_status":"closed","ping_status":"closed","template":"","meta":{"footnotes":""},"class_list":["post-480","page","type-page","status-publish","hentry"],"_links":{"self":[{"href":"https:\/\/www.borg-gastein.salzburg.at\/plo\/wp-json\/wp\/v2\/pages\/480","targetHints":{"allow":["GET"]}}],"collection":[{"href":"https:\/\/www.borg-gastein.salzburg.at\/plo\/wp-json\/wp\/v2\/pages"}],"about":[{"href":"https:\/\/www.borg-gastein.salzburg.at\/plo\/wp-json\/wp\/v2\/types\/page"}],"author":[{"embeddable":true,"href":"https:\/\/www.borg-gastein.salzburg.at\/plo\/wp-json\/wp\/v2\/users\/1"}],"replies":[{"embeddable":true,"href":"https:\/\/www.borg-gastein.salzburg.at\/plo\/wp-json\/wp\/v2\/comments?post=480"}],"version-history":[{"count":7,"href":"https:\/\/www.borg-gastein.salzburg.at\/plo\/wp-json\/wp\/v2\/pages\/480\/revisions"}],"predecessor-version":[{"id":923,"href":"https:\/\/www.borg-gastein.salzburg.at\/plo\/wp-json\/wp\/v2\/pages\/480\/revisions\/923"}],"wp:attachment":[{"href":"https:\/\/www.borg-gastein.salzburg.at\/plo\/wp-json\/wp\/v2\/media?parent=480"}],"curies":[{"name":"wp","href":"https:\/\/api.w.org\/{rel}","templated":true}]}}