{"id":501,"date":"2022-05-10T16:35:29","date_gmt":"2022-05-10T14:35:29","guid":{"rendered":"https:\/\/www.borg-gastein.salzburg.at\/plo\/?page_id=501"},"modified":"2022-05-10T16:36:49","modified_gmt":"2022-05-10T14:36:49","slug":"deutsch","status":"publish","type":"page","link":"https:\/\/www.borg-gastein.salzburg.at\/plo\/deutsch\/","title":{"rendered":"Deutsch"},"content":{"rendered":"\n<figure class=\"wp-block-image size-full\"><img loading=\"lazy\" decoding=\"async\" width=\"220\" height=\"147\" src=\"https:\/\/www.borg-gastein.salzburg.at\/plo\/wp-content\/uploads\/2022\/05\/Flag_of_Germany_3-2_aspect_ratio.svg_-1.png\" alt=\"\" class=\"wp-image-500\"\/><\/figure>\n\n\n\n<p>Zum Gegenstand Deutsch geh\u00f6rt bei uns auch eine auf unseren Schulschwerpunkt bezogene &#8222;Schwerpunktstunde Deutsch&#8220; in der 6. Klasse. W\u00e4hrend in den regul\u00e4ren Deutschstunden mein Herz f\u00fcr die Literaturkunde schl\u00e4gt, finden die Sch\u00fclerInnen in der Schwerpunktstunde Zeit f\u00fcr kreatives Schreiben, f\u00fcr das Experimentieren mit Sprache und f\u00fcr die szenische Gestaltung von Texten. Beim spielerisch-sch\u00f6pferischen Schreiben werden Gef\u00fchle und Erfahrungen mit Hilfe der Sprache in verschiedenen Formen ausgedr\u00fcckt: in Gedichten, Liedern, Kurzgeschichten, Anekdoten, inneren Monologen etc.<br>Gedichte von bekannten AutorInnen werden variiert, parodiert und dienen als Impuls f\u00fcr eigenes Schaffen. Im Bereich der szenischen Gestaltung von Texten \u00fcben wir die verbale und nonverbale Ausdrucksf\u00e4higkeit, z. B. das Darstellen von Sprichw\u00f6rtern und Redensarten nur durch K\u00f6rpersprache.<\/p>\n","protected":false},"excerpt":{"rendered":"<p>Zum Gegenstand Deutsch geh\u00f6rt bei uns auch eine auf unseren Schulschwerpunkt bezogene &#8222;Schwerpunktstunde Deutsch&#8220; in<\/p>\n","protected":false},"author":1,"featured_media":0,"parent":0,"menu_order":0,"comment_status":"closed","ping_status":"closed","template":"","meta":{"footnotes":""},"class_list":["post-501","page","type-page","status-publish","hentry"],"_links":{"self":[{"href":"https:\/\/www.borg-gastein.salzburg.at\/plo\/wp-json\/wp\/v2\/pages\/501","targetHints":{"allow":["GET"]}}],"collection":[{"href":"https:\/\/www.borg-gastein.salzburg.at\/plo\/wp-json\/wp\/v2\/pages"}],"about":[{"href":"https:\/\/www.borg-gastein.salzburg.at\/plo\/wp-json\/wp\/v2\/types\/page"}],"author":[{"embeddable":true,"href":"https:\/\/www.borg-gastein.salzburg.at\/plo\/wp-json\/wp\/v2\/users\/1"}],"replies":[{"embeddable":true,"href":"https:\/\/www.borg-gastein.salzburg.at\/plo\/wp-json\/wp\/v2\/comments?post=501"}],"version-history":[{"count":2,"href":"https:\/\/www.borg-gastein.salzburg.at\/plo\/wp-json\/wp\/v2\/pages\/501\/revisions"}],"predecessor-version":[{"id":504,"href":"https:\/\/www.borg-gastein.salzburg.at\/plo\/wp-json\/wp\/v2\/pages\/501\/revisions\/504"}],"wp:attachment":[{"href":"https:\/\/www.borg-gastein.salzburg.at\/plo\/wp-json\/wp\/v2\/media?parent=501"}],"curies":[{"name":"wp","href":"https:\/\/api.w.org\/{rel}","templated":true}]}}