{"id":506,"date":"2022-05-10T16:37:25","date_gmt":"2022-05-10T14:37:25","guid":{"rendered":"https:\/\/www.borg-gastein.salzburg.at\/plo\/?page_id=506"},"modified":"2022-05-17T09:05:17","modified_gmt":"2022-05-17T07:05:17","slug":"spanisch","status":"publish","type":"page","link":"https:\/\/www.borg-gastein.salzburg.at\/plo\/spanisch\/","title":{"rendered":"Spanisch"},"content":{"rendered":"\n<figure class=\"wp-block-image size-full is-resized\"><img loading=\"lazy\" decoding=\"async\" src=\"https:\/\/www.borg-gastein.salzburg.at\/plo\/wp-content\/uploads\/2022\/05\/spain-2906824_960_720.webp\" alt=\"\" class=\"wp-image-505\" width=\"226\" height=\"151\" srcset=\"https:\/\/www.borg-gastein.salzburg.at\/plo\/wp-content\/uploads\/2022\/05\/spain-2906824_960_720.webp 960w, https:\/\/www.borg-gastein.salzburg.at\/plo\/wp-content\/uploads\/2022\/05\/spain-2906824_960_720-300x200.webp 300w, https:\/\/www.borg-gastein.salzburg.at\/plo\/wp-content\/uploads\/2022\/05\/spain-2906824_960_720-768x512.webp 768w\" sizes=\"auto, (max-width: 226px) 100vw, 226px\" \/><\/figure>\n\n\n\n<p>Mit 450 Millionen Sprechern liegt Spanisch hinter Chinesisch und Englisch auf Rang 3 der meistgesprochenen Sprachen der Welt. Nach Englisch ist Spanisch sogar die weltweit am h\u00e4ufigsten erlernte Fremdsprache.<\/p>\n\n\n\n<p>An unserer Schule haben die Sch\u00fclerInnen die Wahl zwischen 3 Wahlpflichtf\u00e4chern, die ab der 6.Klasse jeweils 2 Stunden pro Woche unterrichtet werden: Informatik, MMA oder Spanisch.<\/p>\n\n\n\n<p>Das Hauptaugenmerk des Wahlpflichtfachs Spanisch liegt eindeutig auf dem Bereich Kommunikation, also dem Sprechen-K\u00f6nnen: Wie sage ich, um mir etwas zum Essen zu bestellen, ein Treffen zu vereinbaren, nach dem Weg zu fragen oder ein Zimmer zu reservieren? Wie f\u00fchre ich Smalltalk auf Spanisch? Auch Filme und spanische Lieder sollen nicht zu kurz kommen, die durchaus selbst gesungen und aufgenommen werden k\u00f6nnen. Die Sch\u00fclerInnen erwerben ein Basisvokabular und entdecken die Vielfalt der spanischsprachigen Welt (Spanien und Nord- bzw. S\u00fcdamerika). Oberstes Ziel soll sein, sich im spanischsprachigen Ausland verst\u00e4ndigen zu k\u00f6nnen sowie Einblick in die fremde Kultur zu bekommen und dadurch auch weltoffener und toleranter zu werden. Denn eine fremde Sprache zu lernen bedeutet immer auch, eine neue Kultur zu entdecken.<br><br>Seit dem Schuljahr 2013\/14 ist es auch m\u00f6glich, im Wahlpflichtfach Spanisch m\u00fcndlich auf dem Niveau A2 zu maturieren.<\/p>\n\n\n\n<figure class=\"wp-block-embed is-type-video is-provider-youtube wp-block-embed-youtube wp-embed-aspect-16-9 wp-has-aspect-ratio\"><div class=\"wp-block-embed__wrapper\">\n<iframe loading=\"lazy\" title=\"Wpf Spanisch Vorstellung des Fachs\" width=\"640\" height=\"360\" src=\"https:\/\/www.youtube.com\/embed\/nyLT3CTM41I?feature=oembed\" frameborder=\"0\" allow=\"accelerometer; autoplay; clipboard-write; encrypted-media; gyroscope; picture-in-picture; web-share\" referrerpolicy=\"strict-origin-when-cross-origin\" allowfullscreen><\/iframe>\n<\/div><\/figure>\n\n\n\n<figure class=\"wp-block-embed is-type-video is-provider-youtube wp-block-embed-youtube wp-embed-aspect-16-9 wp-has-aspect-ratio\"><div class=\"wp-block-embed__wrapper\">\n<iframe loading=\"lazy\" title=\"Wpf Spanisch Schuelerinnen\" width=\"640\" height=\"360\" src=\"https:\/\/www.youtube.com\/embed\/_smBdSnTD_o?feature=oembed\" frameborder=\"0\" allow=\"accelerometer; autoplay; clipboard-write; encrypted-media; gyroscope; picture-in-picture; web-share\" referrerpolicy=\"strict-origin-when-cross-origin\" allowfullscreen><\/iframe>\n<\/div><\/figure>\n","protected":false},"excerpt":{"rendered":"<p>Mit 450 Millionen Sprechern liegt Spanisch hinter Chinesisch und Englisch auf Rang 3 der meistgesprochenen<\/p>\n","protected":false},"author":1,"featured_media":0,"parent":0,"menu_order":0,"comment_status":"closed","ping_status":"closed","template":"","meta":{"footnotes":""},"class_list":["post-506","page","type-page","status-publish","hentry"],"_links":{"self":[{"href":"https:\/\/www.borg-gastein.salzburg.at\/plo\/wp-json\/wp\/v2\/pages\/506","targetHints":{"allow":["GET"]}}],"collection":[{"href":"https:\/\/www.borg-gastein.salzburg.at\/plo\/wp-json\/wp\/v2\/pages"}],"about":[{"href":"https:\/\/www.borg-gastein.salzburg.at\/plo\/wp-json\/wp\/v2\/types\/page"}],"author":[{"embeddable":true,"href":"https:\/\/www.borg-gastein.salzburg.at\/plo\/wp-json\/wp\/v2\/users\/1"}],"replies":[{"embeddable":true,"href":"https:\/\/www.borg-gastein.salzburg.at\/plo\/wp-json\/wp\/v2\/comments?post=506"}],"version-history":[{"count":2,"href":"https:\/\/www.borg-gastein.salzburg.at\/plo\/wp-json\/wp\/v2\/pages\/506\/revisions"}],"predecessor-version":[{"id":702,"href":"https:\/\/www.borg-gastein.salzburg.at\/plo\/wp-json\/wp\/v2\/pages\/506\/revisions\/702"}],"wp:attachment":[{"href":"https:\/\/www.borg-gastein.salzburg.at\/plo\/wp-json\/wp\/v2\/media?parent=506"}],"curies":[{"name":"wp","href":"https:\/\/api.w.org\/{rel}","templated":true}]}}

<figure class="wp-block-image size-full is-resized"><img loading="lazy" decoding="async" src="https://www.borg-gastein.salzburg.at/plo/wp-content/uploads/2022/05/spain-2906824_960_720.webp" alt="" class="wp-image-505" width="226" height="151" srcset="https://www.borg-gastein.salzburg.at/plo/wp-content/uploads/2022/05/spain-2906824_960_720.webp 960w, https://www.borg-gastein.salzburg.at/plo/wp-content/uploads/2022/05/spain-2906824_960_720-300x200.webp 300w, https://www.borg-gastein.salzburg.at/plo/wp-content/uploads/2022/05/spain-2906824_960_720-768x512.webp 768w" sizes="auto, (max-width: 226px) 100vw, 226px" /></figure>



<p>Mit 450 Millionen Sprechern liegt Spanisch hinter Chinesisch und Englisch auf Rang 3 der meistgesprochenen Sprachen der Welt. Nach Englisch ist Spanisch sogar die weltweit am häufigsten erlernte Fremdsprache.</p>



<p>An unserer Schule haben die SchülerInnen die Wahl zwischen 3 Wahlpflichtfächern, die ab der 6.Klasse jeweils 2 Stunden pro Woche unterrichtet werden: Informatik, MMA oder Spanisch.</p>



<p>Das Hauptaugenmerk des Wahlpflichtfachs Spanisch liegt eindeutig auf dem Bereich Kommunikation, also dem Sprechen-Können: Wie sage ich, um mir etwas zum Essen zu bestellen, ein Treffen zu vereinbaren, nach dem Weg zu fragen oder ein Zimmer zu reservieren? Wie führe ich Smalltalk auf Spanisch? Auch Filme und spanische Lieder sollen nicht zu kurz kommen, die durchaus selbst gesungen und aufgenommen werden können. Die SchülerInnen erwerben ein Basisvokabular und entdecken die Vielfalt der spanischsprachigen Welt (Spanien und Nord- bzw. Südamerika). Oberstes Ziel soll sein, sich im spanischsprachigen Ausland verständigen zu können sowie Einblick in die fremde Kultur zu bekommen und dadurch auch weltoffener und toleranter zu werden. Denn eine fremde Sprache zu lernen bedeutet immer auch, eine neue Kultur zu entdecken.<br><br>Seit dem Schuljahr 2013/14 ist es auch möglich, im Wahlpflichtfach Spanisch mündlich auf dem Niveau A2 zu maturieren.</p>



<figure class="wp-block-embed is-type-video is-provider-youtube wp-block-embed-youtube wp-embed-aspect-16-9 wp-has-aspect-ratio"><div class="wp-block-embed__wrapper">
<iframe loading="lazy" title="Wpf Spanisch Vorstellung des Fachs" width="640" height="360" src="https://www.youtube.com/embed/nyLT3CTM41I?feature=oembed" frameborder="0" allow="accelerometer; autoplay; clipboard-write; encrypted-media; gyroscope; picture-in-picture; web-share" referrerpolicy="strict-origin-when-cross-origin" allowfullscreen></iframe>
</div></figure>



<figure class="wp-block-embed is-type-video is-provider-youtube wp-block-embed-youtube wp-embed-aspect-16-9 wp-has-aspect-ratio"><div class="wp-block-embed__wrapper">
<iframe loading="lazy" title="Wpf Spanisch Schuelerinnen" width="640" height="360" src="https://www.youtube.com/embed/_smBdSnTD_o?feature=oembed" frameborder="0" allow="accelerometer; autoplay; clipboard-write; encrypted-media; gyroscope; picture-in-picture; web-share" referrerpolicy="strict-origin-when-cross-origin" allowfullscreen></iframe>
</div></figure>
