{"id":527,"date":"2022-05-10T16:58:51","date_gmt":"2022-05-10T14:58:51","guid":{"rendered":"https:\/\/www.borg-gastein.salzburg.at\/plo\/?page_id=527"},"modified":"2022-09-30T10:56:00","modified_gmt":"2022-09-30T08:56:00","slug":"sozial-media","status":"publish","type":"page","link":"https:\/\/www.borg-gastein.salzburg.at\/plo\/sozial-media\/","title":{"rendered":"Social Media"},"content":{"rendered":"\n<p>Der Begriff \u201e<em>Social Media\u201c<\/em> beschreibt Webseiten und Apps, \u00fcber die NutzerInnen Inhalte (Content) kreieren, teilen und sich vernetzen k\u00f6nnen. Die Sch\u00fclerInnen erlernen Inhalte zu erstellen (Film und Fotografie), sie entwickeln Strategien, um m\u00f6glichst hohe Zugriffszahlen zu lukrieren und betreuen die Social-Media-Kan\u00e4le der Schule.<\/p>\n\n\n\n<p><\/p>\n","protected":false},"excerpt":{"rendered":"<p>Der Begriff \u201eSocial Media\u201c beschreibt Webseiten und Apps, \u00fcber die NutzerInnen Inhalte (Content) kreieren, teilen<\/p>\n","protected":false},"author":1,"featured_media":0,"parent":0,"menu_order":0,"comment_status":"closed","ping_status":"closed","template":"","meta":{"footnotes":""},"class_list":["post-527","page","type-page","status-publish","hentry"],"_links":{"self":[{"href":"https:\/\/www.borg-gastein.salzburg.at\/plo\/wp-json\/wp\/v2\/pages\/527","targetHints":{"allow":["GET"]}}],"collection":[{"href":"https:\/\/www.borg-gastein.salzburg.at\/plo\/wp-json\/wp\/v2\/pages"}],"about":[{"href":"https:\/\/www.borg-gastein.salzburg.at\/plo\/wp-json\/wp\/v2\/types\/page"}],"author":[{"embeddable":true,"href":"https:\/\/www.borg-gastein.salzburg.at\/plo\/wp-json\/wp\/v2\/users\/1"}],"replies":[{"embeddable":true,"href":"https:\/\/www.borg-gastein.salzburg.at\/plo\/wp-json\/wp\/v2\/comments?post=527"}],"version-history":[{"count":3,"href":"https:\/\/www.borg-gastein.salzburg.at\/plo\/wp-json\/wp\/v2\/pages\/527\/revisions"}],"predecessor-version":[{"id":997,"href":"https:\/\/www.borg-gastein.salzburg.at\/plo\/wp-json\/wp\/v2\/pages\/527\/revisions\/997"}],"wp:attachment":[{"href":"https:\/\/www.borg-gastein.salzburg.at\/plo\/wp-json\/wp\/v2\/media?parent=527"}],"curies":[{"name":"wp","href":"https:\/\/api.w.org\/{rel}","templated":true}]}}